+ 101010?
-1010010
In base 14, what is 26 - -3?
29
In base 15, what is -c + -8?
-15
In base 2, what is -10110010 - 100?
-10110110
In base 11, what is -57 + -19a?
-246
In base 13, what is 193 + 5?
198
In base 5, what is -2 - -11040?
11033
In base 10, what is 3 - -150?
153
In base 9, what is -3 - -702?
688
In base 16, what is 87 - -6?
8d
In base 15, what is ae1 - -3?
ae4
In base 5, what is 0 - -10231?
10231
In base 9, what is 1 + 30?
31
In base 14, what is 74 - -1?
75
In base 12, what is -16 + 10?
-6
In base 13, what is -2 - -8?
6
In base 12, what is 2 - b?
-9
In base 9, what is 588 - -7?
606
In base 11, what is 3 - 3a9?
-3a6
In base 6, what is -34 - -3?
-31
In base 10, what is -7 - 20?
-27
In base 8, what is 144 + 5?
151
In base 4, what is -3 - -3302?
3233
In base 2, what is 1110000 - -11100010?
101010010
In base 10, what is -965 - -1?
-964
In base 16, what is 2 - -45?
47
In base 6, what is -220 - -5?
-211
In base 2, what is -101 + 1100110100?
1100101111
In base 10, what is -219 + 5?
-214
In base 6, what is -4 - -34103?
34055
In base 8, what is -23 - 0?
-23
In base 16, what is -ee - 2?
-f0
In base 5, what is 112 - -42?
204
In base 15, what is 2 + -270?
-26d
In base 11, what is -1033 - -2?
-1031
In base 6, what is -235 - 33?
-312
In base 3, what is 221 + 11?
1002
In base 2, what is -11100 - -1111?
-1101
In base 11, what is 62 - 6?
57
In base 15, what is -24 - 4?
-28
In base 11, what is a38 - -2?
a3a
In base 6, what is -1240 - -20?
-1220
In base 12, what is 3 + 2a4?
2a7
In base 3, what is -11221 + 2100?
-2121
In base 12, what is -1 - 33?
-34
In base 16, what is -df0 + 1?
-def
In base 14, what is -12 - -114?
102
In base 8, what is 2 + 141?
143
In base 8, what is 7 - 36?
-27
In base 15, what is -5 - 26?
-2b
In base 7, what is 134 + -3?
131
In base 5, what is -12 - 23211?
-23223
In base 15, what is 4 + 24a?
24e
In base 5, what is 40031 - 10?
40021
In base 14, what is 6 + -2?
4
In base 15, what is -7 - -2?
-5
In base 4, what is -221 + 3?
-212
In base 15, what is d + 83?
91
In base 14, what is -202 + -1?
-203
In base 13, what is 0 + -1138?
-1138
In base 11, what is a - -33?
42
In base 9, what is 1165 + 4?
1170
In base 7, what is 1023 + -4?
1016
In base 2, what is -1001 + 11010?
10001
In base 2, what is 100100110 + -11?
100100011
In base 2, what is -1100001011000 - -101?
-1100001010011
In base 11, what is 14 + 2a?
43
In base 14, what is -7 - 1d?
-26
In base 9, what is 2 - 337?
-335
In base 13, what is -11a + -6?
-123
In base 2, what is -11 - 1010100?
-1010111
In base 3, what is -11 + 1012211?
1012200
In base 11, what is 13 + 18?
30
In base 2, what is -10 - -1000?
110
In base 9, what is -117 + -2?
-120
In base 11, what is 206 + -3?
203
In base 14, what is 30 + -122?
-d2
In base 7, what is -1 + 21?
20
In base 14, what is 1a4 + 54?
218
In base 13, what is a - -75?
82
In base 11, what is -13 - -19?
6
In base 14, what is -1 - 9?
-a
In base 14, what is 0 + 12?
12
In base 16, what is 2 - -88?
8a
In base 9, what is 0 + -111?
-111
In base 8, what is -24023 + 0?
-24023
In base 15, what is 9 + c?
16
In base 12, what is 3 - 5?
-2
In base 7, what is 1 + -124?
-123
In base 11, what is -3 + -750?
-753
In base 9, what is -7 - -23?
15
In base 2, what is 101 + 1011111101?
1100000010
In base 12, what is 3 + -346?
-343
In base 4, what is -2 - -10?
2
In base 15, what is 11d - 0?
11d
In base 14, what is -6 - -17?
11
In base 15, what is 4 - -91?
95
In base 16, what is -5d + 4?
-59
In base 13, what is -2 + 60?
5b
In base 3, what is -22001 - -10?
-21221
In base 10, what is -5 - -54?
49
In base 14, what is a5a - -5?
a61
In base 9, what is -7 + -187?
-205
In base 5, what is 3 - -2331?
2334
In base 13, what is -3 - -226a?
2267
In base 10, what is -24 + -4?
-28
In base 15, what is bbec + 4?
bc01
In base 12, what is 2395 + 1?
2396
In base 4, what is 1211 - 11?
1200
In base 4, what is -31 - 3?
-100
In base 12, what is 17b + -3?
178
In base 13, what is -128 + 12?
-116
In base 12, what is -a + -9?
-17
In base 10, what is 1135 - 2?
1133
In base 15, what is 2e + -5?
29
In base 8, what is -74 - 30?
-124
In base 13, what is -5 + -90?
-95
In base 7, what is -5302 - 1?
-5303
In base 3, what is -202110 - 0?
-202110
In base 5, what is 4 + -2410?
-2401
In base 10, what is 568 - 5?
563
In base 14, what is 15 - -3?
18
In base 3, what is 20 + 1211202?
1211222
In base 13, what is 25 + 5?
2a
In base 9, what is -47 + -11?
-58
In base 3, what is -2 - 10111000?
-10111002
In base 14, what is 102 + -3?
dd
In base 6, what is 303 - 3?
300
In base 3, what is 2110102101 - -2?
2110102110
In base 5, what is 133 - -10?
143
In base 14, what is 307 + -1?
306
In base 14, what is -1 + 9?
8
In base 7, what is 264 + 5?
302
In base 14, what is -1 + -59?
-5a
In base 12, what is -5 - -24?
1b
In base 8, what is 2 - 63?
-61
In base 10, what is -2 + -175?
-177
In base 15, what is -3c66 + -2?
-3c68
In base 8, what is 4 - 1124?
-1120
In base 12, what is -346 - -18?
-32a
In base 9, what is -60 + 5?
-54
In base 5, what is -10 - -20?
10
In base 9, what is -7 - -281?
273
In base 12, what is 3 + 40?
43
In base 15, what is 24a + 2?
24c
In base 10, what is 4 + -39?
-35
In base 12, what is -11 - -2a?
19
In base 4, what is 23 + -11?
12
In base 9, what is 67 + 0?
67
In base 3, what is 2002 + -2?
2000
In base 13, what is 7 - 30?
-26
In base 11, what is 177 + 4?
180
In base 8, what is 5305 + 4?
5311
In base 5, what is -31 + 113?
32
In base 7, what is -3040 + 13?
-3024
In base 14, what is -14b + -23?
-170
In base 6, what is -54 + 2?
-52
In base 7, what is -6 - 1532?
-1541
In base 14, what is -2 - 36?
-38
In base 13, what is 37 - -9?
43
In base 12, what is 2 - -1b?
21
In base 15, what is a - -5d?
68
In base 11, what is -112a + 1?
-1129
In base 4, what is 13311 - -10?
13321
In base 7, what is 1262 + 5?
1300
In base 8, what is -3 - 60?
-63
In base 13, what is 0 - -720?
720
In base 12, what is 1 - -7?
8
In base 5, what is 33 + -132?
-44
In base 7, what is -1 - 54?
-55
In base 16, what is -2 - -4b?
49
In base 9, what is -4 - 12?
-16
In base 9, what is 1 + 630?
631
In base 14, what is 202 - 1?
201
In base 14, what is 0 - -122?
122
In base 6, what is 13 - 0?
13
In base 8, what is 2 + 501?
503
In base 12, what is -2 - -68?
66
In base 12, what is 9 - 7?
2
In base 4, what is 1212210 - 1?
1212203
In base 11, what is 1 - -8?
9
In base 10, what is -3 + -5?
-8
In base 4, what is 323 - -10230?
11213
In base 12, what is -4 - 308a?
-3092
In base 16, what is -1d7 + -2?
-1d9
In base 16, what is e4 - 5?
df
In base 6, what is -110 + -33?
-143
In base 9, what is 437 - 1?
436
In base 16, what is -879 - -2?
-877
In base 13, what is 6 - 10?
-7
In base 5, what is 1132100 + -3?
1132042
In base 11, what is -29 + 10?
-19
In base 3, what is 11 - -101101?
101112
In base 4, what is -21102 + 1?
-21101
In base 2, what is 100 - 10011110?
-10011010
In base 2, what is 100 + -1010111011000?
-1010111010100
In base 4, what is -20 - -2022?
2002
In base 4, what is 322210 + 2?
322212
In base 6, what is 1 - -1555?
2000
In base 5, what is 3 + -13443?
-13440
In base 13, what is c - 4c7?
-4b8
In base 2, what is 100010000111 + -10?
100010000101
In base 9, what is -6 + -228?
-235
In base 13, what is -4 - 2a9?
-2b0
In base 15, what is 1 + 5?
6
In base 9, what is 103 - 3?
100
In base 13, what is -5 + -ca?
-102
In base 3, what is 12000 + -1020?
10210
In base 12, what is -5 - -b?
6
In base 6, what is 4 + -10103?
-10055
In base 15, what is 1 - 23?
-22
In base 10, what is 5 + 56?
61
In base 6, what is -4 - 43?
-51
In base 12, what is 54a - 2?
548
In base 11, what is 197 - 3?
194
In base 7, what is -4 + 2140?
2133
In base 15, what is 5c + 5?
62
In base 2, what is 100111010 - -1?
100111011
In base 10, what is -9 + -585?
-594
In base 7, what is 11215 - 5?
11210
In base 3, what is 10121 + 2120?
20011
In base 9, what is -8514 + 5?
-8508
In base 15, what is 68d - -2?
690
In base 6, what is 1533 + 3?
1540
In base 11, what is 685 + 0?
685
In base 14, what is 20 + 26?
46
In base 10, what is 5 + 14?
19
In base 16, what is 0 - -2c?
2c
In base 14, what is 16b3 + 2?
16b5
In base 13, what is 7 + -21?
-17
In base 11, what is 1 - 30?
-2a
In base 9, what is 18 + -446?
-427
In base 8, what is -1103 + 12?
-1071
In base 16, what is -961 + 3?
-95e
In base 6, what is 2 - 225?
-223
In base 3, what is -112 - 